- 3. Determine b(t).
-2
Let i(w) = 4*w - 8. Let d(r) = 2*r**2 + 3*r + 4. Let o be d(-2). Determine i(o).
16
Let h be 26/65 - 46/120. Let d(j) be the third derivative of -1/3*j**3 - 2*j**2 + 0*j - h*j**5 - 1/6*j**4 + 0. Determine d(-4).
-2
Let z(d) = 3*d + 6. Let g(n) = n**2 - 10*n + 12. Let w be g(9). Let t be (-33)/(-12) + w/(-4). Suppose -2*r + r = -t*j + 2, 3*r = 5*j - 7. Determine z(r).
-6
Let i = 6 - -1. Suppose 2*g + i = 1. Let k(y) = 2 + 2 - 4*y + 7*y. Give k(g).
-5
Let a = -7 - 11. Let v be (2/(-6))/(2/a). Let y be 6 - v/((-3)/(-2)). Let m(d) = d**2 - 3*d. What is m(y)?
4
Let n be (-5 - -2)/(4/(-20)). Let r = 7 + -4. Let p be 9/(-5) - r/n. Let w(m) = m**2 + 2*m + 1. What is w(p)?
1
Let k(r) = -4*r**2 - r + 8. Let x(s) = 5*s**2 - 4*s**2 - 7 + s**2 + s**2. Let a(v) = 2*k(v) + 3*x(v). Determine a(5).
10
Let z(m) = 3 - 3 + 2*m. Give z(2).
4
Let s be ((-14)/6 - 0)*-3. Let b(f) = 7 - s + f. Suppose 0 = -2*v + v + 1. Calculate b(v).
1
Let v be -7 + 4 + (-1)/1. Let p(t) be the third derivative of t**4/24 + 7*t**3/6 - t**2. What is p(v)?
3
Let a(j) = 2*j + 1. Let m(s) = -5*s - 2. Let o(f) = f**2 + 3*f + 2. Let c be o(-4). Let d(w) = c*m(w) + 14*a(w). Give d(4).
-6
Let b(k) = k**2 + k + 1. Let g(c) = 8*c**2 + 7*c + 3. Let h(t) = 5*b(t) - g(t). Let m be 1/(2 + 15/(-6)). What is h(m)?
-6
Let q(h) = 2*h - 10. Let k be q(8). Let m(r) = -r**2 + 6*r - 6. Give m(k).
-6
Let y be (0 - 0) + 0 + 3. Let t(u) = u**2 + 2*u + 1 - y*u - 2. Let p be (2/(-2) + 1)/2. What is t(p)?
-1
Let u(o) be the second derivative of -o**5/20 - o**4/12 - o**3/6 - 21*o**2/2 + 7*o. What is u(0)?
-21
Let x(y) = -y**2 + y + 4. Suppose 3*n - 1 = -3*f + 5, -2*f + 1 = n. Give x(n).
-2
Let s = -3 - -8. Let w(j) = 0*j - 4*j - j**2 - 1 + s*j. Suppose -2*y = -y. Determine w(y).
-1
Let z(l) = -l**2 + 3*l - 6. Let r(i) = -i**2 + 2*i - 5. Let v(j) = -4*r(j) + 3*z(j). Determine v(2).
8
Let i = 21 + -25. Let w(d) be the second derivative of d**5/20 + d**4/3 - d**3/6 - 5*d**2/2 + 2*d. Determine w(i).
-1
Let y(k) = 0 + 1 + 0*k + k. Suppose -2*c - c = -9, -3*z + 3*c = -6. Give y(z).
6
Let k(v) be the third derivative of v**4/24 + 5*v**3/6 + v**2. Let h = 13 + -11. Suppose 0 = -h*q - q - 12. What is k(q)?
1
Suppose -n - 28 = 4*n + 2*y, n - 5*y = 16. Let m(h) = -h**2 - 4*h + 2. Calculate m(n).
2
Let b(j) = -11*j - 13*j + 1 + 38*j - 13*j. Let f(i) = -i**2 - 5*i - 5. Let v be f(-5). What is b(v)?
-4
Suppose h - 5*h + 72 = 0. Let z be (-2)/(-9) - 4/h. Let c(i) = -4*i + 7. Let v(w) = -5*w + 8. Let o(d) = 6*c(d) - 5*v(d). What is o(z)?
2
Let s = 20 - 14. Let f be -1 + (s - 2) + -1. Let c(v) = -v**3 + 4*v**2 - 3*v + 1. Give c(f).
3
Suppose 4*w - 23 + 3 = 0. Let y(k) = -k**2 + 8*k - 5. Give y(w).
10
Let k(d) be the third derivative of 0*d + 5/24*d**4 + 1/30*d**5 + 1/3*d**3 + 3*d**2 + 0. What is k(-3)?
5
Let t(q) be the second derivative of -q**3/2 - q**2/2 - 2*q. Let s be t(-1). Let n(m) = -1 + 2*m**3 + 5*m**s + 0 - 4*m**2. Determine n(1).
2
Let j(n) = -5*n - 4 - n + 2*n**2 + 0*n**2 - n**3 + 7*n. Suppose 5*y - 27 = -4*w, 0*y = y + w - 6. Determine j(y).
-10
Let z(u) = 99 + 18*u + 95 - 194. What is z(1)?
18
Let h(l) = l**2 - 3*l - 3. Let g be h(-2). Let s(y) = -g + 0*y + 5 - y. Let p be 1*2*-1*-1. Calculate s(p).
-4
Let w(g) = 2*g + 4. Let n = -5 - -5. Let f be (-2 - n) + (-9)/3. Give w(f).
-6
Let f(r) = r**2 + 3*r + 2. Suppose 2*b + 2*b = 16. Suppose -11 = b*s + 9. Give f(s).
12
Let q be (-1)/(((-5)/3)/5). Let t(y) = 0*y - 5 + y**2 + y + q. What is t(-4)?
10
Let s(c) = c**2 + 5*c + 1. Let o be s(-5). Let f(h) = h**2 + h + 1. Let r(n) = -3*n**2 + 2*n - 4. Let z(d) = o*r(d) + f(d). What is z(2)?
-5
Let m(g) be the third derivative of -g**5/60 - g**4/4 - 5*g**3/6 - 4*g**2. What is m(-4)?
3
Let d(j) = -2*j**3 - 2*j**2 + 2*j + 1. Let u = 6 + -8. Give d(u).
5
Let t(a) be the second derivative of 1/12*a**4 - 1/20*a**5 + 0 + 1/3*a**3 - 1/2*a**2 - a. What is t(2)?
-1
Let d(j) be the second derivative of -j**3/3 + j**2/2 + 44*j. Let x(w) = -w + 2. Let c be x(4). What is d(c)?
5
Let p(u) be the second derivative of -2*u + 1/2*u**2 + 0*u**3 + 0 - 1/12*u**4. What is p(0)?
1
Let f(h) = h**2 - 2*h - 2. Let j(g) = -g**3 - 5*g**2 + 2. Suppose 2*k = -2, -5*r + 2*r = 4*k + 19. Let y be j(r). Determine f(y).
-2
Let p(o) = -o**2 + o + 2*o - o + 7 - 3. What is p(3)?
1
Let p(g) be the third derivative of -g**5/15 - g**4/24 - g**3/6 - g**2. Let q = -20 - -24. Suppose -q*i - l - 3 = 0, 5*i - i - 2*l = -6. What is p(i)?
-4
Let h = 0 - 5. Let u(a) = a**3 + 6*a**2 + 2*a - 3. Give u(h).
12
Let h = 3 - 1. Let b(t) = 19*t - 2. Let a(n) = 2 - 3 + n + 0*n + 8*n. Let q(y) = 9*a(y) - 4*b(y). Give q(h).
9
Let k(l) = l. Let c be k(-3). Let t(v) = -2*v - 3. Give t(c).
3
Let z = 15 - 15. Let m(s) = -s**3 - s**2 - 10. Calculate m(z).
-10
Let d(r) be the third derivative of -r**6/120 + r**5/12 - r**4/8 - r**3/6 + 2*r**2. Suppose -2*l = -6, -2*h + 0*h - 3 = -3*l. Give d(h).
8
Let u(m) = m**2 - 7. Let k be u(-3). Let b(z) = -2*z - 4*z**k - 11 - 2*z**2 + 2 - z**3. What is b(-6)?
3
Let b(q) be the third derivative of -q**4/12 + q**3/3 - q**2. Let p(w) = -w**3 + 7*w**2 - w + 4. Let s be p(7). Calculate b(s).
8
Let v(w) = 3*w**3 - 6*w**2 + 6*w - 1. Let r(p) = -10*p**3 + 18*p**2 - 18*p + 2. Let y(u) = -2*r(u) - 7*v(u). Give y(5).
-2
Let z = -1 + 0. Let s be (-3 - -1*2)/z. Let k(f) = -2*f - 3*f**2 + 1 + 3*f**2 + 2*f**3 + 2*f**2. Calculate k(s).
3
Let f(s) = 5*s**2 - 1. Suppose -m = -3*j, -2*m = -4*j + m + 5. Let u(p) = 2*p + 1. Let r be u(j). What is f(r)?
4
Let m(y) be the third derivative of y**5/60 + y**4/12 + y**3/3 + 16*y**2. Give m(-4).
10
Let k(t) = t**2 + t - 10. Let x = -26 + 26. Calculate k(x).
-10
Let m(b) be the first derivative of b**4/4 - 4*b**3/3 + b**2 + 2*b - 26. Give m(3).
-1
Let a = 1 + 2. Suppose -7 = 3*k - z, -a*k - 4*z = 2*k + 6. Let j(t) = t**3 + 4*t**2 + 4*t + 2. Let v be j(k). Let l(w) = -w**2 + 3*w - 2. Determine l(v).
0
Let n(a) = -3*a**3 - 18*a - 3*a**2 + 17*a + 2*a**3. What is n(-1)?
-1
Let z(x) = 640 - x**3 + 9*x - 643 - 6*x**2 - 3*x**2. Calculate z(-10).
7
Suppose 8 = -4*t - j, -9 = -2*t + 2*j - 23. Let x(u) = -u + 3. Let a(i) = 4*i - 12. Let o(d) = 2*a(d) + 9*x(d). What is o(t)?
6
Let o(k) = 2 - 12*k + 0 - k**2 - 9 + 4*k. Give o(-7).
0
Let h(y) = 4*y**3 + 2*y - 1. Let i be h(1). Let o(z) = -5*z - z - i - 4*z**3 + 3*z + 5*z**3 + 4*z**2. Give o(-4).
7
Let o be (-3)/2*(-8)/6. Let w(v) = 1 - o + v - v + v. What is w(3)?
2
Suppose 0 = 2*r - 3*r + 4*i - 10, -4*r - i + 28 = 0. Suppose -2*k + 0 = -r. Let x(d) = -2*d**3 - 3 - d**2 + 0*d**k + 3*d**3 + 0*d**3 - 2*d. Calculate x(3).
9
Let r be (-4)/2*1/2. Let z be -2 + (0 - (1 + r)). Let w(c) = -2*c**2 - 3*c - 2. Give w(z).
-4
Let u(m) = -3*m**3 - 7*m**2 + 2*m - 3. Let y(s) = 4*s**3 + 8*s**2 - 3*s + 4. Let j(h) = 5*u(h) + 4*y(h). Calculate j(3).
-5
Let r(c) = c**2 + 6*c + 1. Let b(h) = 2*h - 7. Let m be b(5). Suppose -m*z = z + 20. Give r(z).
-4
Let i(m) = 7*m**2 + 10*m + 3. Let l(h) = h**2 + h. Suppose -4*d = 5*j - 11, 7*d - 19 = 3*j + 3*d. Let v(z) = j*i(z) + 6*l(z). Calculate v(-3).
0
Let r(h) = 5 + 2*h**3 + 2*h**3 - h - 5*h**3 + 2*h**2 + 2*h**2. Determine r(4).
1
Let y = 37 - 40. Let b(z) = 4*z + 2. Determine b(y).
-10
Let u(y) = y + 3. Suppose -64 - 36 = -5*q. Suppose 2*f - 10 = 3*z - 2*z, 4*f = z + q. What is u(z)?
3
Let k(n) = n**2 + 6*n + 7. Let v be k(-6). Suppose v = -3*s + 3*d - 2*d, -3*d = -s + 3. Let j(p) = -1 - p + 0*p - 1. Calculate j(s).
1
Let j(n) = n - 3. Let l be (-545)/(-30) - 1/6. Suppose l = -5*c + 8*c. Give j(c).
3
Let w = 19 + -13. Let g be (2/(-3))/((-2)/w). Let s(f) = f**3 + 1 + 6*f + 0*f**2 + 0*f**2 + 7*f**g. Determine s(-6).
1
Let s = 0 - 4. Let a(u) = -3 + 0 + 5 - 3 + 4*u. Let p(o) = 7*o - 2. Let x(f) = 5*a(f) - 3*p(f). Determine x(s).
5
Let s = -5 - -8. Let c(g) = -g**2 + 2 + 0*g + 2*g - g + 1. Give c(s).
-3
Let x(r) = 0*r**2 + 5*r**2 + 7*r**3 - 4*r**2. Let t be (-4 - -3)/(6/6). Determine x(t).
-6
Let l(j) = -j**3 - 5*j**2 - 2*j - 5. Let u be (-55)/(-20) + 1/4. Let s(p) = -p**2 - p + 3. Let g be s(u). Let q be 47/g - (-14)/63. Give l(q).
5
Let u = 8 - 3. Let s = u + -6. Let z(k) = -5*k**2 + k. Give z(s).
-6
Suppose -b = 4*b - 25. Suppose 0 = -2*p + b*p - 12. Let v(f) = -f**3 + 5*f**2 - 3*f - 1. Determine v(p).
3
Let g(s) = 8*s**3 + s - 1. Let t(m) =